5 + (-13 - -20) - 12.
-10
(0 - -3) + 50 + -50
3
Calculate -6 + 0 + 12 - 0.
6
What is the value of (-1 + -5 - -7) + 1 + -6?
-4
(8 - 13) + 15 - 9
1
Evaluate 5 - (-13 + 15) - (1 + -3).
5
What is 314 + -320 + 6 + (1 - 2)?
-1
What is 6 + -14 + -4 + 9?
-3
What is (1 - -3) + -1 + 2?
5
What is 4 + -2 + (-3 + -1 - 1)?
-3
9 + -23 + 4 - -10
0
1 + 1 - (5 + 0 - 4)
1
What is -8 - 2 - -3 - -2?
-5
What is the value of 2 - (2 - 3 - -4 - 5)?
4
Calculate -6 + (1 - (-2 - 1)) + -2.
-4
What is (0 - (-1 + 0)) + -4 + 0?
-3
Evaluate (3 - -13 - 8) + (-4 - -1).
5
What is the value of (-3 - (4 + 3)) + 6 - 0?
-4
What is -2 + 3 + (-3 - -3) - -7?
8
(0 - (-5 + 4)) + (-4 - -2)
-1
What is the value of 6 + -4 + 2 - 1?
3
Calculate 0 - -2 - (9 + (7 - 8)).
-6
What is (-4 - -7) + (2 - 6) + 5?
4
What is 1 + 1 + -5 + 4?
1
0 - 1 - (7 + -6 + 1)
-3
2 - (0 - 2 - -5)
-1
What is -2 + (2 - -8) + 14 + -18?
4
Evaluate (12 + -5 - 5) + (0 - -2).
4
What is the value of -8 - (-8 + -12) - 6?
6
Calculate -3 + (5 - 1) + 1.
2
What is 0 + (7 - 8 - -8) + 0?
7
What is the value of -11 + 1 - (-35 + 33)?
-8
(-1 + 5 - 4) + 0 + 4
4
Calculate -7 - (12 + (-4 - -4) + -8).
-11
Evaluate (0 - (5 + -8)) + 1 + 0.
4
Calculate 1 + -2 + (2 - (-6 + 12)).
-5
Calculate 3 + (1 - 2) + (-9 - -8).
1
What is 3 + 2 + -1 + -11?
-7
Calculate -1 - (-9 - 0 - -3).
5
Calculate -3 + -8 + 6 + -1 - -6.
0
0 + -3 - (0 + 1 + 1)
-5
What is (-14 - -15) + (-4 + -6 - -4)?
-5
Evaluate -3 - (9 - (14 + -2)).
0
What is 7 + (-2 - -5) + -3 + -2?
5
Calculate -2 + -1 - (-21 + 15 - -6).
-3
What is 3 + (-4 - 5) + 3 + 3?
0
What is the value of -2 - (8 - 5 - 7)?
2
Evaluate 5 + (-1 - 1) - 2 - -6.
7
Evaluate 7 + (-4 + -1 - 2) - 2.
-2
What is the value of (-2 - 2) + (16 - 16)?
-4
Calculate 4 + (8 - (9 + 10)).
-7
Calculate -3 + (3 - -9) + -7.
2
What is the value of 1 + (-3 - (5 + 1 + -13))?
5
What is 16 + -9 + -5 + 4?
6
4 - (6 + (-5 - 6))
9
What is the value of 1 - (0 + 2 + -3 + 1)?
1
Evaluate 0 + -5 + -4 + 5.
-4
What is the value of 1 + 1 - (1 - (-2 + 6))?
5
Calculate (5 - 6) + 3 - (-1 - 0).
3
What is the value of 8 + -11 + 9 + (-7 - -3)?
2
Evaluate -7 + 14 + -4 - (6 + 1).
-4
Evaluate 42 + -41 - (0 - 4).
5
What is the value of -4 + 0 + -8 - -3?
-9
Evaluate 1 + -5 - (2 - (3 + 1)).
-2
What is the value of 2 + -2 + 8 - 6?
2
What is -5 + 17 + -12 + 5?
5
Calculate -3 - (-2 + 1 + -4) - 3.
-1
What is 4 - 7 - (0 + 0)?
-3
What is the value of 2 + 0 + (1 - -4) + -5?
2
-1 + 0 + (45 - 43)
1
Calculate -4 + (7 - -9) + -11.
1
7 + -11 + 0 + -1 - -8
3
4 + (5 - 6 - -1)
4
Calculate 13 - 13 - (-3 + 7) - -9.
5
What is the value of 6 - 4 - (6 + (2 - 7))?
1
Calculate (-4 + -7 - -9) + -2.
-4
-1 - (3 - (3 + (-1 - -5)))
3
Calculate 10 - (2 + 14) - 2.
-8
(-2 - (-1 - (-4 + 2))) + 1
-2
Evaluate -1 + 0 + (47 - 48) + 0.
-2
Evaluate 22 - 19 - (2 - 1) - 4.
-2
Evaluate (31 + -13 - 13) + -7.
-2
Evaluate -2 + 3 + (-4 - (-1 - 0)).
-2
Evaluate 7 - 5 - (-4 + -2 + 5).
3
What is (-7 - -4 - -3) + (-2 - -2)?
0
1 + (-26 - -31 - (-2 - -5))
3
(8 - (4 - -1)) + 3 - 1
5
Calculate 6 - (5 - -6) - -5.
0
Evaluate (6 - 5) + -1 + 5 + -2.
3
Calculate (1 - (20 - 12)) + 15.
8
-8 - (-4 - ((5 - 4) + -2))
-5
Evaluate 1 + -6 + (10 - 9).
-4
What is (-3 - -12) + (-16 - -9)?
2
What is the value of -6 + 1 - (-2 + 6 + -6)?
-3
-2 - (11 + 9 + -12)
-10
What is the value of -3 - (-2 + 0) - (5 + -6)?
0
Calculate 4 + -4 + (5 - 4) - -2.
3
What is -2 - (-8 + 7 + -2)?
1
(2 - -2) + (0 - 1)
3
Calculate 0 + (-5 - (-13 - -8)).
0
10 + 1 - 10 - 5
-4
Evaluate 9 + -3 + 0 - 12.
-6
What is 5 + (-1 + -2 - (0 + 1))?
1
(-1 - (18 + -8) - -3) + 3
-5
What is the value of 7 + -18 + (-3 - -14)?
0
Evaluate (1 - 9) + 3 + 5.
0
Calculate 119 - 130 - (-1 - 11).
1
Evaluate 1 + 3 - (-2 - -4).
2
Calculate 16 + -13 - (-1 + 8).
-4
What is -5 + 7 + 6 - 6?
2
Evaluate 1 - -2 - (-16 - -23).
-4
What is the value of (-5 - -2) + 1 - -2?
0
Evaluate 12 - 13 - (1 - 0).
-2
What is the value of (6 + 1 - 7) + (2 - 8)?
-6
What is -4 + (4 - 2) + 5?
3
(2 - (-4 + 1) - 4) + 1
2
What is (-4 - -9) + 1 + -15?
-9
Calculate -15 + (2 - (8 - 8 - 3)).
-10
Evaluate 0 + -1 + 4 - (36 + -38).
5
What is the value of -4 + (0 - (1 + -1) - -1)?
-3
10 - 13 - (6 - 9)
0
What is the value of (8 - -2) + -5 - (1 - -4)?
0
What is (2 - 10) + 2 + -6 + 5?
-7
What is 9 + -3 - 7 - (1 - -3)?
-5
Evaluate (-4 - (-2 - 2)) + 4.
4
-2 + 0 - (2 + -2)
-2
Calculate (-5 - -3) + 3 + -1.
0
What is 1 - -3 - 3 - (-3 - 0)?
4
Calculate (-12 - -4) + 23 - 3 - 2.
10
Calculate -1 - (6 - (11 - 0)).
4
(10 + -8 - 8) + 1 - -9
4
-3 + 1 + 1 + -1 + 1
-1
What is (-10 - (-4 + 1)) + 4?
-3
Evaluate 2 - (1 - -5) - -7.
3
3 + 0 + 9 + -14
-2
What is (10 + -3 - (2 - -1)) + 0?
4
17 - ((-3 - -10) + 1 + 0)
9
-20 - -31 - (-1 - -6) - 3
3
0 + (-4 - 1) - (-2 + 1)
-4
Evaluate -1 + 3 + -1 + 1 + -1.
1
Evaluate (-5 - -3 - -3) + -3.
-2
9 + -3 - 7 - (1 + -11)
9
Evaluate 3 + 0 + -3 - (-12 + 3).
9
-4 + 5 + -5 + 6
2
What is (0 - -2) + (3 - 1) + -1?
3
What is the value of 5 + (2 - -6 - 5)?
8
(-9 - (-2 + -3)) + 4
0
Calculate -2 + 3 + -6 + 8.
3
What is the value of -1 - (0 - (2 - 4))?
-3
What is (-72 - -73) + 1 + -2 + 1?
1
What is the value of -146 - -148 - (-5 - 1)?
8
(-17 - -8) + (-1 - -7)
-3
-6 - (-6 + (5 - 2)) - -3
0
Evaluate -3 + (4 - 2 - -3) - 3.
-1
Evaluate 0 - (1 + 5 - 1).
-5
3 + (5 - 4 - 1) + -3
0
Calculate -3 - (1 + (0 - -1 - 5)).
0
Evaluate 91 - 89 - (-1 + 1).
2
Calculate -24 + 15 + 4 + (-3 - 0).
-8
What is the value of -8 + 2 + (9 - 2)?
1
2 - 2 - (-7 - -1)
6
What is the value of -4 - (-9 + 5 + -1 + -1)?
2
What is 4 + 1 + (-1 - 0)?
4
What is the value of -9 + 0 + 0 + 4?
-5
Evaluate (1 + -4 - 8) + 3.
-8
Calculate -1 - -2 - (-12 + (-1 - -9)).
5
-7 + 0 + -7 + (6 - -1)
-7
What is the value of -3 - (8 + -7 - 3 - 3)?
2
Evaluate 0 + (-8 - -4) + 4.
0
Calculate 2 + 0 + (1 - 2 - -3).
4
Evaluate 4 - (-8 + 5 - -5).
2
Calculate (8 - (-1 + (-5 - -11))) + -2.
1
What is -3 + 8 + (-8 - (-6 + 3))?
0
What is (-1 - 0) + -12 + 13?
0
Calculate 6 + (6 - (-1 + 15)).
-2
Calculate 1 + -5 + 3 + -2.
-3
What is 3 + (1 - 6) - (2 - 2)?
-2
What is the value of -22 - -23 - (3 + 1)?
-3
Calculate 1 + (2 + -6 - -10).
7
Calculate -2 + -2 - (-5 - -4).
-3
What is the value of 8 - 6 - (2 - 0)?
0
What is the value of 4 + -1 + (-4 - 4)?
-5
What is the value of (-2 - -1) + 2 + 3?
4
What is the value of (-3 - -2 - -3) + 0?
2
Evaluate -6 + 13 + -8 - -8.
7
What is 2 - ((-5 - -2) + -2 + 2)?
5
What is 5 + 0 - (16 + -17) - 6?
0
Calculate 3 + (3 - 1) + 0.
5
What is -4 - (0 + 5 + -8)?
-1
-2 + -1 + 7 + -3 + -3
-2
Calculate (-8 - (0 - 0)) + 24 + -14.
2
Evaluate 0 + 7 + -4 + 1.
4
Calculate (7 - 0) + -8 + 17 + -11.
5
What is -6 + (-5 + 0 - (-7 + -1))?
-3
5 + 0 + -3 + 8 + -15
-5
Calculate (7 - (-2 + 5 - -5)) + -8.
-9
Evaluate (-6 - (-5 - 2)) + -2.
-1
What is (-34 - -35) + (0 - 0) + -2?
-1
What is the value of 1 - (-5 + (1 - 0))?
5
Evaluate 1 - ((-5 - 0) + 8).
-2
What is (1 - 9) + -8 + 13?
-3
(-3 - (-3 - -2)) + -1
-3
What is -2 + 1 - -1 - (8 - 9)?
1
Evaluate (5 - (7 - -2)) + (1 - -3).
0
Calculate -17 + 0 + 5 + 8 + -1.
-5
What is the value of (-28 - -7) + 14 - (-2 - 1)?
-4
6 + -1 + -32 + 24
-3
Evaluate 1 + (-3 - (-10 - -3)) + -5.
0
What is the value of (-2 - -6) + -2 - 4?
-2
What is -2 + 9 - (8 + 5 + -9)?
3
1 - ((3 - 0) + (16 - 13))
-5
What is 5 + (-8 - -3) + -3?
-3
Calculate 7 + -6 + 3 + -4.
0
5 - (13 - 3) - -7
2
Evaluate 3 + -7 + 5 + 1.
2
What is the value of -1 - -1 - (6 + -6)?
0
What is -1 + 4 + 0 + -5?
-2
What is (-4 - (8 - -2)) + 19?
5
Calculate 11 + -23 + (2 - -7).
-3
Evaluate 5 + (-27 + 30 - (1 + 8)).
-1
Evaluate -15 + (7 - 4) + 7.
-5
Evaluate -8 + 8 + -14 + 8.
-6
Calculate (-7 + 7 - -3) + -5.
-2
Calculate 3 - (4 - -3) - -2.
-2
What is the value of -1 - ((0 - 1) + -4 + 1)?
3
What is 13 + -1 + -211 + 205?
6
-3 + 3 + (-1 - -3) + -3
-1
What is -1 + -3 + 6 - (0 + 5)?
-3
8 + 56 + -53 + 1 + -7
5
Calculate (-4 - 2) + -1 - (0 + -1).
-6
What is the value of (2 - (0 - -2)) + -4 - -3?
-1
What is the value of (1 - 4) + 12 + -10 + -4?
-5
What is -2 + -2 + 5 + -2 - 1?
-2
Calculate -4 - 0 - (6 + -7).
-3
What is the value of -1 + -3 + 4 + 1 + 3?
4
Calculate -5 - ((3 - 9) + 4) - -6.
3
Calculate 2 - 7 - (-4 - 10 - -7).
2
What is the value of -3 + (0 - (-8 - (1 - 1)))?
5
What is the value of 2 - (0 + -3 - (2 - 3))?
4
Calculate -3 - 1 - (9 - (13 + 3)).
3
What is the value of 8 + (-2 - 0) + -2?
4
4 + -4 + 3 + -4
